nder when 12*(-11)/22 - (-57 - f) is divided by p?
9
What is the remainder when 269 is divided by 1/(2/(-5)*(-315)/9576)?
41
Let d(g) = 3*g**2 + 29. Let i be d(-6). Let f = i + -21. Let t(n) = -n + 24. Calculate the remainder when f is divided by t(7).
14
Suppose -11*k + 721 + 119 = -2*g, -2*k + 160 = -4*g. Calculate the remainder when 368 is divided by k.
64
Suppose c + 4672 = -3*c. Let t be c/(-9) - 16/(-72). Suppose 5*u = 2*j + 121, -5*u - 2*j + 7*j = -t. What is the remainder when u is divided by 8?
7
What is the remainder when 5*(15/(-7) - -1)/((-215)/602) is divided by 9 - (1 + 0 - 1)?
7
Let w be 9 + (-4 - 0) + -3. Suppose 0 = w*t + 16 - 26. Suppose -r + 3*r + o = 175, 0 = t*r + 2*o - 439. What is the remainder when r is divided by 45?
44
What is the remainder when 1059 is divided by 166/4 - (43/(-172) + 6/8)?
34
Let x(l) = -30*l - 2012. Calculate the remainder when 393 is divided by x(-69).
45
Let h(y) = -51*y - 4. Let w be 2*(-6)/4 + 2 + 0. Calculate the remainder when 90 is divided by h(w).
43
Let j(v) = 155*v - 8057. Calculate the remainder when j(53) is divided by 80.
78
Let t be -10*20/50*70/(-8). Suppose -5*c - 15 = -t. Calculate the remainder when 48 is divided by (2/4)/((0 + c)/136).
14
Suppose 8*i - 276 - 22 = 478. What is the remainder when 473 is divided by i?
85
Let d = -82 - -120. Suppose -d = u - 3*u. Let f = 20 + u. What is the remainder when f is divided by 6?
3
Suppose -2*u = 5*p - 17, -10*u - 5 = -3*p - 6*u. Suppose -3*j = 5*a - 30, p*j - 11*a - 18 = -12*a. Calculate the remainder when 133 is divided by j.
3
Let d = -457 - -457. Suppose d = -3*w + 3*b + 348, -3 = 6*b - 5*b. What is the remainder when w is divided by 50?
13
Let z(m) = 5*m**2 - 6*m - 2. Let c be z(-2). Calculate the remainder when 141 is divided by 4/5 + 1056/c.
33
Let b(i) = -220*i - 586. What is the remainder when 261 is divided by b(-3)?
39
Suppose 172 - 409 - 1407 = -6*b. Calculate the remainder when 558 is divided by b.
10
Suppose -4*o + g = -0*g + 11, -4*o = 5*g - 7. Let t = o - -50. Let s(m) = 14*m**2 - 665*m - 662. What is the remainder when t is divided by s(-1)?
14
Let o = -123 + 132. Suppose 5*x + 10 = 0, 3*x = -5*m + o*m - 54. Let n(l) = -6*l - 7. Calculate the remainder when n(-7) is divided by m.
11
Suppose -2*w - 2*w = 3*b - 8, -4*w + 8 = -3*b. Suppose -2*t + t = -w. Suppose -8 = -t*f - 0, -35 = -3*u + 4*f. What is the remainder when u is divided by 7?
3
Suppose -4*y + 215 = 5*l - 8*y, -4*l + 5*y = -172. Let m = -109180 - -109370. Calculate the remainder when m is divided by l.
18
Let j = -3913 + 3949. Calculate the remainder when 2011 is divided by j.
31
Let x(c) = -3*c**2 - 75*c + 7. Let w be x(-6). Let n = w - 153. What is the remainder when n is divided by 20?
16
Suppose -2*l + 3*l = -3*r + 12, l - 5*r - 36 = 0. What is the remainder when -32*((-7)/(-14) - 1)*4 is divided by l?
1
Let a = 991 + -563. Suppose 4*u + f - 668 = a, 281 = u + 2*f. Calculate the remainder when u is divided by 91.
0
Let a(b) = 3*b - 16 + 3 - 10 - 5. Let p be a(11). Suppose -p*z - l = -226, 0 = z + 2*z + 3*l - 138. Calculate the remainder when z is divided by 13.
6
Let q = -40937 + 40953. Let h be (8/12)/(2/(-6)). Calculate the remainder when (h/(-6))/((-5)/(-705)) is divided by q.
15
Let w(h) be the second derivative of h**3/6 + 9*h**2/2 - 3*h. Let u be w(-8). Suppose -2*c = -67 - u. Calculate the remainder when 134 is divided by c.
32
Let h(g) = -g - 1. Let d(a) = 829*a + 9243. What is the remainder when d(-11) is divided by h(-5)?
0
Let j be (-76)/(21/(-66) + 8/(-44)). Let u = -88 + j. Suppose -c = c - u. Calculate the remainder when c is divided by 6.
2
Suppose -118*q + 8289 = -3775 + 28. What is the remainder when 1529 is divided by q?
101
Suppose -2*c + 467 + 1 - 74 = 0. Suppose 0 = -2*i - 2*i + 36. Calculate the remainder when c is divided by i.
8
Suppose -444 = 6*o - 3036. What is the remainder when o is divided by 21?
12
Suppose -195 = 19*i - 22*i. Let v = -55 + i. Let r = 37 - v. Calculate the remainder when r is divided by 16.
11
Let n = 16 + 33. Calculate the remainder when (298 + 7)*73/365 is divided by n.
12
Suppose 31*w - 203 - 14 = 0. Let o(y) = 48*y - 248. What is the remainder when o(w) is divided by 27?
7
Calculate the remainder when 507 is divided by 706/8 - 0 - 297/(-108).
52
Suppose -4*q - 4*w - 1548 = 0, -q - 4*w - 222 = 150. Let f = -361 - q. What is the remainder when 245 is divided by f?
28
Let a(y) = y**3 - 7*y**2 + 12*y + 117. What is the remainder when a(14) is divided by 21?
19
Suppose 47 = 3*l - 7. Suppose -122 - 76 = 11*x. Let r = x + 23. What is the remainder when l is divided by r?
3
Suppose -3*l - 150 = -4*j + 619, 4*j = l + 251. Let v = -241 - l. Calculate the remainder when 80 is divided by v.
8
Suppose -4*l + 19345 = g, 4*l - 26*g = -21*g + 19387. Calculate the remainder when l is divided by 11.
9
Let f(r) = -18*r - 9. Let c be (-1)/2*-8 + -2. Suppose s - 4 = 2*x, 3*s - 8 = c*s + 3*x. Calculate the remainder when f(s) is divided by 16.
15
Let w(p) = 12*p**2 + 64*p - 31. Suppose 0*g - 156 = -g + k, -4*k + 16 = 0. Calculate the remainder when g is divided by w(-6).
7
Let u(r) = -r**3 + 32*r**2 + 36*r - 79. Calculate the remainder when 776 is divided by u(33).
16
Let k be 2/(-7)*(-70)/(-10). Calculate the remainder when (10 + 126/10)/(k/(-10)) is divided by 23.
21
Let q = 7217 - 7188. Calculate the remainder when 128 is divided by q.
12
Let b = 9809 - -206. What is the remainder when b is divided by 9?
7
What is the remainder when 12851 is divided by 4*((-63)/12 - -12)?
26
Let i be 2/(0 - -2) - 2. What is the remainder when 4*-2 - (133 - 196) is divided by (0 + i)/(1/(-19))?
17
Suppose 0 = -23*c + 17*c + 114. Suppose 0 = -12*x + 1975 + 5297. Calculate the remainder when x is divided by c.
17
Suppose -3*j + 13 = -47. What is the remainder when j is divided by (330/(-40) + 8)*-28?
6
Suppose 57*u = 58*u - 441. Suppose -10*f + 899 = -u. Calculate the remainder when f is divided by 34.
32
Let i be (48/(-6) + 60)*(-10)/(-4). Let v(k) = 2*k - 4. Let t be v(4). Suppose -t*z + i = z. What is the remainder when z is divided by 10?
6
Suppose -3*u = -7*t + 8*t - 138, -2*t + 51 = u. What is the remainder when 674 is divided by u?
44
Let k be (-514)/2 + (-13 - -17). Let q = k + 177. What is the remainder when 15 is divided by (q/19)/((-10)/6 - -1)?
3
Suppose 5*s = 3*x - 8*x + 220, 2*s = 8. Calculate the remainder when (12852/144)/(7/4 - 1) is divided by x.
39
Suppose -c - 195 = -5*b, 15 = 3*c - 0*c. Let i be (-64)/b*5/(-2). Calculate the remainder when 13 is divided by (-4 + i + 1)*7.
6
Let r(a) = -a**2 - 20*a - 38. Suppose 3*k = -2*s + 111, 0 = s + k - 59 + 6. What is the remainder when s is divided by r(-17)?
9
Let s(v) = v**3 - 9*v + 12. Calculate the remainder when 495/(-18)*(-228)/15 is divided by s(3).
10
Let f = -35 - -21. Calculate the remainder when (4/6 + (-79)/6)/(1972/(-3944)) is divided by (f/8)/((-2)/8).
4
Suppose 4*u - 80*n = -84*n + 504, 5*n - 118 = -u. What is the remainder when u is divided by 38?
14
Suppose -3*j + 29 = -2*v - 55, 0 = -5*v + 4*j - 217. Let u = 19 - v. What is the remainder when u is divided by 5?
4
Suppose 3280 = 5*u - 2*x, 0*u - u + 638 = -4*x. Let a = u + -623. What is the remainder when 63 is divided by a?
28
Suppose 16848 = -0*f + 52*f. Calculate the remainder when f is divided by 119.
86
What is the remainder when 1/((-1)/(-190)) - (-10 + 35/7) is divided by 10?
5
Suppose z + 3*k + 784 = 5*z, 0 = -5*k. What is the remainder when z is divided by ((-34)/(-3))/(2/9) - 1?
46
Suppose -2*k + 1743 = 2*c + 51, 0 = c + 5*k - 854. What is the remainder when c is divided by 106?
102
Calculate the remainder when 30/(-9)*(-17)/(1190/15792) is divided by 236.
44
Let k(a) = -2*a**3 - a**2 - 13*a + 27. What is the remainder when k(-5) is divided by 100?
17
Let s = -91 - -92. Let d be (0 - s)/(3*(-5)/105). Let q(m) = -2*m**2 + 20*m - 8. What is the remainder when q(d) is divided by 5?
4
Let t = -81 + 107. Calculate the remainder when t is divided by 38/6 - ((-152)/(-24) + -5).
1
Suppose 0 = 3*g - 5 - 7. Suppose t - g*d - 61 = 0, 259 = 6*t - 2*t - d. Let f = -22 + t. Calculate the remainder when 170 is divided by f.
41
Suppose -4*f = 6*f - 30. Suppose m = -4*y + 343, -2*m + 252 = 3*y - f*m. What is the remainder wh